he units digit of 4*(f - s/4)?
2
Let x(t) = 14*t + 211. Let o be x(-14). Suppose 5*w = 4*w. Suppose -3*k - 2*k + o = w. What is the units digit of k?
3
Let q = -16 - -4. Let i = -10 - q. Suppose -6*j = -5*d - 3*j + 85, i*d - 34 = -2*j. What is the units digit of d?
7
Let d = -11 - -3. Let f(l) = -l**3 - 7*l**2 + 8*l - 1. Let q be f(d). Let g(o) = -8*o**3 + o**2 - o - 1. What is the units digit of g(q)?
9
Let q = -124 + 296. Suppose 71 + q = 3*o. What is the units digit of o?
1
Suppose 83*l - 92222 = 361954. What is the tens digit of l?
7
Suppose 2*r - 3*r + 41 = 3*o, -3*r + 123 = 5*o. Suppose 5*h - p = 73, 3*p + 13 = 4*h - r. Suppose 3*m - 87 = -h. What is the units digit of m?
4
What is the hundreds digit of 15 + (9 - 18) + 2505 + 4?
5
Let b = 9 + 5. Suppose 8*z - 7*z - b = 0. Let u(l) = -l**3 + 14*l**2 + 4*l - 3. What is the units digit of u(z)?
3
Let t(k) = -305*k + 190. What is the thousands digit of t(-3)?
1
Suppose 4*r + 13 = 5*x, -4*r + r - 8 = -2*x. Suppose x = 5*v - 4. Let q(y) = 16*y - 1. What is the tens digit of q(v)?
1
Suppose -10*n - 3*w = -9*n - 2868, 2872 = n - w. What is the units digit of n?
1
Let m(k) = 4*k + 0 + 4 - 2 + 16*k. Let g be m(1). Let i = g + -1. What is the units digit of i?
1
Let j be 3/9 + (-2)/(-3) + 52. Let m = j - 41. What is the tens digit of m?
1
Suppose 3*n + 116*o - 119*o - 3327 = 0, 6 = 3*o. What is the tens digit of n?
1
Let d(i) = i**2 + 27*i + 52. What is the units digit of d(-34)?
0
Let p(o) = o + 23. Let v be p(-19). Suppose -l - k + 7 = -0*k, 5*k - 8 = v*l. Suppose 0 = -l*z + 138. What is the tens digit of z?
4
Let w(l) be the second derivative of 65*l**4/12 - l**3/3 + l**2/2 - 11*l. What is the units digit of w(1)?
4
Suppose -w + 26 = 18. Suppose w*z = 4*z + 572. Let d = z + -79. What is the tens digit of d?
6
Let t(b) = -2*b**2 + b - 2. Let l be t(-2). Let z = l - -16. Suppose 21 = z*x - 15. What is the units digit of x?
9
Suppose n = -3*n + 160. Let c = n + -22. Let w = c + 28. What is the units digit of w?
6
Let v(x) = 15*x**2 + 15*x - 10. What is the tens digit of v(6)?
2
Let n = 40 + -38. Suppose n*a - 19 = 19. What is the units digit of a?
9
What is the hundreds digit of ((-12)/72*-3)/((-2)/(-3792))?
9
Let p be 4 + -7 + -170 + 1. What is the units digit of p/(-1)*(-5)/(-20)?
3
Let y be 4/(-10) + 22/5. Suppose -163 = -3*h - 1. Suppose -2*z + y*z - h = 0. What is the units digit of z?
7
Let x = 136 - 56. Suppose 0 = y + 2*j + 6, -y + j = 2*j + 2. Suppose 3*n + y*n - x = 0. What is the units digit of n?
6
Suppose -10*q - 15*q = -52750. What is the tens digit of q?
1
Suppose 0 = 4*c + 5*j - 9845, -2*j + 5698 = 5*c - 6587. What is the tens digit of c?
5
Suppose -2*z + 0*c = 2*c - 18, 5*c - 25 = -z. Suppose z*s - 23 - 12 = 0. What is the units digit of s?
7
Let z(p) = p - 5. Let q be z(4). Let d = 6 + q. Suppose -d*x - 66 = -8*x. What is the units digit of x?
2
Suppose 6 = -3*k + 4*k. Let a(u) = 2*u**3 - 12*u**2 + 6*u + 2. Let d be a(k). Suppose -g + s = -0*g - d, -5*g - s = -214. What is the units digit of g?
2
Suppose -4*m + m + 547 = 5*r, 0 = -5*m + r + 893. Suppose 5*c - 99 - 98 = -p, -p + c + m = 0. What is the units digit of p?
2
Let r be (-259)/(-49) - (-4)/(-14). Let m = -5 + r. Suppose -2*d + m = -6. What is the units digit of d?
3
Suppose -4340 = 16*z - 13428. What is the tens digit of z?
6
Let a(o) = 14*o**2 + 20*o - 9. Let b be a(10). What is the hundreds digit of (b/111)/(-1 + 19/18)?
2
Let z = -51 - -123. Let u = z + -50. What is the tens digit of u?
2
Let h be ((-48)/20)/(2/(-15)). Suppose 0 = 3*q + 2*q + o - 30, 3*q - 3*o - h = 0. Suppose t - 4*c + q*c = 8, 2*t - 40 = 4*c. What is the tens digit of t?
1
Let p(z) = -1154*z - 152. What is the tens digit of p(-2)?
5
Suppose 8*l + 19 - 35 = 0. Suppose 2*n - 152 = -4*d + 7*n, 0 = l*d - n - 76. What is the tens digit of d?
3
Let r(c) = -2*c**2 + c + 1. Let w(k) = 12*k**2 - 9*k - 7. Let n(m) = 5*r(m) + w(m). What is the units digit of n(4)?
4
Let z(i) be the second derivative of -i**5/20 - i**4/2 - 4*i**3/3 - 7*i**2/2 - 12*i. What is the units digit of z(-5)?
8
Suppose 0 = -0*k + 2*k - 2*a - 6, -4*k + 3 = 5*a. Suppose -5*d + 2*d - 2*z + 174 = 0, k*d - z - 123 = 0. What is the tens digit of d?
6
Let c = -26 + -28. Let y = -34 - c. What is the units digit of y?
0
Suppose 5*z - 22*b = -18*b + 18438, 7383 = 2*z + b. What is the units digit of z?
0
Let j = 65 - 20. Suppose 2*n + x = -j, -106 = 2*n + 3*n - 4*x. Let k = 69 + n. What is the tens digit of k?
4
Let t(l) be the third derivative of -l**4/8 + 2*l**3/3 - 4*l**2. Let x be t(-2). What is the units digit of (-24)/4*x/(-12)?
5
Let v(z) = 4 - 2*z + 4*z**2 + 0*z**3 - 6 - z**3 + 0. Let y be v(2). What is the units digit of (-1)/(y - 105/51)?
7
Suppose 352 = 5*s - 3*s. Let n = s + -103. What is the units digit of n?
3
Suppose -4 = -v + 5*s + 4, -2*v = -5*s - 26. Let z = v - 13. What is the units digit of 6/z*(-45)/(-6)?
9
Suppose -k + 631 + 1102 = 0. What is the tens digit of k?
3
Let u(a) be the first derivative of -a**4/4 + 11*a**3/3 - a**2/2 - 9*a + 5. What is the tens digit of u(10)?
8
Let h = 3842 - 2705. What is the hundreds digit of h?
1
Suppose 0 = 4*u - u - k - 33, 5*u - 57 = k. What is the tens digit of (2*-28)/(u/(-30))?
4
Let c(a) = 43*a + 7. Let x be c(8). Suppose 3*b - x = -0*b. Suppose 5*f - y + 4*y = b, 5*y = f - 1. What is the units digit of f?
1
Let u = 787 - 148. What is the hundreds digit of u?
6
Let h(r) = -176*r**3 + 3*r**2 - 4*r - 7. What is the units digit of h(-1)?
6
Suppose 11*z + 7224 = 23*z. What is the hundreds digit of z?
6
Let z(x) = -58*x**3 + 4*x**2 + 4*x + 1. What is the units digit of z(-4)?
1
Let r be ((-14)/(-10) - 1)/((-14)/2660). Let u = -63 - r. What is the units digit of u?
3
Suppose -2*a + 2*i + 0 = 4, 3*a = 4*i - 9. Suppose -4*b + 3*j - 94 = 0, -3*b - 3*j - 80 - a = 0. Let d = -13 - b. What is the units digit of d?
2
Let v = -923 + 1640. What is the tens digit of v?
1
What is the hundreds digit of -462*2*(0 + -1)?
9
Let g(w) = -w**3 + 4*w**2 + 7*w - 6. Let l(n) = -n**2 - n + 1. Let c(z) = -g(z) - 5*l(z). Let k be c(-2). Suppose -8 - k = -3*m. What is the units digit of m?
3
Suppose 0 = 12*l + 287 - 1811. What is the tens digit of l?
2
Let a(r) = r + 0*r + 2*r**2 + 4*r**2 - 3 + r**3. Suppose -5*u - 2*c - 19 = -0*c, -4*c = -u + 5. What is the units digit of a(u)?
1
Let n be (-6)/(-9) - (1 - (-614)/(-6)). Let x = n + -34. What is the units digit of x?
8
What is the tens digit of (-210)/15 + 5089 + (-8)/(-2)?
7
Suppose -x = 3*z - 4489, -6*z + 11*z + 3*x - 7479 = 0. What is the hundreds digit of z?
4
Let v = 27 + -39. Let b = v + 17. Suppose b*f + 2*d = 32, -4*d = 4*f - 2*d - 26. What is the units digit of f?
6
Let z = 18 - 27. Let q be 12/z*33/(-2). Suppose w - q = 2. What is the tens digit of w?
2
What is the hundreds digit of (-3)/(3/(-2))*2641/19?
2
Let o(q) = 613*q**2 + 6*q + 10. What is the tens digit of o(-1)?
1
Suppose -j + 582 + 911 = 3*c, 5*j + 2455 = 5*c. Suppose w - 377 = -3*u, 2*u + 3*w - c = -2*u. What is the tens digit of u?
2
Suppose -4*m = -36*m + 24832. What is the units digit of m?
6
Let a(y) = 25*y**3 + 2*y - 20*y**3 + 8*y**2 - 2 - 3*y**2. Let n(v) = -9*v**3 - 9*v**2 - 3*v + 5. Let r(k) = 7*a(k) + 4*n(k). What is the tens digit of r(-4)?
4
Let q = 33 - 34. Let v be 0/(((-1)/q)/(-1)). Suppose v = 5*j - 10*j + 135. What is the tens digit of j?
2
Let f = -482 + 850. Suppose -f = -u - 3*u. What is the units digit of u?
2
Let d = 55 - 35. Let u be ((-75)/d)/((-2)/24). Let p = u - 27. What is the tens digit of p?
1
Suppose n - 5*i = 730, -110*i = -108*i. What is the hundreds digit of n?
7
What is the units digit of 147*((-32)/12 + 4) + -1?
5
Suppose 2*h + 5*a + 2 = 0, 0*h + 40 = 4*h - a. Let y = 9 - h. Suppose -5*r + j + 19 = y, 1 - 2 = r - 5*j. What is the units digit of r?
4
Suppose 22*j = 20*j + 572. What is the units digit of j?
6
Suppose -n + 588 = 4*z, 4*n - 4*z - 548 = 1704. What is the units digit of n?
8
Let o = -19 - -76. Suppose 0 = 3*k + 2*k + 4*s - 192, 0 = -2*k + 5*s + o. What is the units digit of k/(2/3 + 0)?
4
Let h = 53 - 45. Let w(j) = -5*j**3 + 11*j**2 - 6*j + 4*j**3 - 2*j**2 + 12. What is the tens digit of w(h)?
2
Suppose 0 = -3*u - 16 - 56. What is the tens digit of 8/u - (-278)/6?
4
Let h = 112 - 95. Let f(j) = -7